 -d + n = 4*j - 0, -d = -2*j - 11. What are the prime factors of d?
3
What are the prime factors of (-30 - 0)*(3 + -4)?
2, 3, 5
Suppose 4*n - 175 = 177. What are the prime factors of n?
2, 11
Let v(c) = 59*c**2 - c - 1. What are the prime factors of v(-1)?
59
Suppose -3*z - 4*t + 288 = -147, z = 2*t + 145. List the prime factors of z.
5, 29
Suppose 3*l + l - 224 = -2*y, 0 = 3*y - 6. List the prime factors of l.
5, 11
Let j = -7 + 14. Let n = j - 7. Suppose -4*q + 55 + 5 = n. What are the prime factors of q?
3, 5
Let f(x) = -5*x**2 + 3. Let b be f(3). Let w = 40 + -70. Let l = w - b. What are the prime factors of l?
2, 3
Suppose -n = -4*m - m + 1831, -4*n = 4*m - 1460. What are the prime factors of m?
2, 3, 61
Let b(t) = 5*t + 6. Let h be b(6). Suppose -h = -5*x - 11. What are the prime factors of x?
5
Suppose -4*d = x - 5*d - 249, 5*d - 1245 = -5*x. What are the prime factors of x?
3, 83
Suppose 5*l - 222 = 3*l. What are the prime factors of l?
3, 37
Let q(t) = 2*t**2 - 9*t - 22. List the prime factors of q(-5).
73
Let d = 227 - 146. What are the prime factors of d?
3
List the prime factors of 40/(-12)*132/(-5).
2, 11
Suppose 0*r + 4*z = -4*r + 20, 5*r - z = 19. Suppose -2*c + 32 = -0*c + r*v, -5*c + 3*v + 132 = 0. Suppose 2*i - c = -4. List the prime factors of i.
2, 5
Let z = -7 + 15. Let s = z + -6. What are the prime factors of s?
2
Let f(q) = -q + 1. Let n = 7 - 7. Suppose n*b + 15 = -5*b. What are the prime factors of f(b)?
2
List the prime factors of 7 + 0*2/4.
7
Let x(t) = 3*t**2 - t + 1. Let d be 10/6 + 2/6. Suppose d = 3*i - 1. What are the prime factors of x(i)?
3
Let u = 121 - 78. What are the prime factors of u?
43
Suppose 0 = -4*m + 123 - 11. List the prime factors of m.
2, 7
Let s = -21 + 39. What are the prime factors of s - (-4)/((-6)/(-3))?
2, 5
Suppose 39 = 4*a + 11. Suppose a = 2*d + 5*l - 13, d - 2*l = -8. Suppose 0 = -2*f + 2*c + 20, d = 2*f + f + 3*c - 6. What are the prime factors of f?
2, 3
Let o(r) = r - 3. Let p be o(3). Suppose -3 = -p*n - n. Suppose -5*l + 62 + n = 0. What are the prime factors of l?
13
Let a be 13 + (-1)/(-1) - 0. List the prime factors of 4/a - 80/(-14).
2, 3
Suppose 5*t = 2*t + 1347. List the prime factors of t.
449
Suppose -y + 15 = 5*q, -q + 4*y = 7 - 31. Suppose 5*f + 5*w - 25 = 0, 2*f - q*w = -3*w + 13. What are the prime factors of (-2)/((3/f)/(-1))?
2
Let l be (3 + -2)*-1 + 3. Suppose -l*n + 19 = 3*v + 3*n, 5*v + 3*n = 21. What are the prime factors of v?
3
Let x be 56/26 - (-6)/(-39). Suppose x*a = 3*a - 8. List the prime factors of (-1)/4 - (-90)/a.
11
Suppose 3*n = -m - n, 0 = -4*m - 2*n + 14. Suppose -x + b + 16 = -0*x, -m*b = -5*x + 76. List the prime factors of x.
2, 3
Let c(z) = -z**2 - 9*z + 4. What are the prime factors of c(-8)?
2, 3
Suppose 5*t = -0*t + 85. What are the prime factors of t?
17
Let z be -3*-2*1/(-3). Let b(v) = -v**3 - v**2 - 2*v. List the prime factors of b(z).
2
Suppose -2*r + 41 + 7 = 0. List the prime factors of r.
2, 3
Let b be (2 - 2)/1 - 8. Let x be 26/(-10) + b/20. Let z(c) = -c**3 - 3*c**2 - c + 2. List the prime factors of z(x).
5
Let g(v) = 7*v + 2. Let y = 5 + -2. What are the prime factors of g(y)?
23
Suppose 5*o - 18 = 4*i + 12, 5*i + 25 = 0. Suppose 92 = 5*g - o*x + 6*x, -x = 2*g - 38. List the prime factors of g.
2, 5
Suppose 17 = 3*t + 8. What are the prime factors of t?
3
Let v be 2/7 + 33/7. Let n = v + 1. What are the prime factors of n?
2, 3
Let z(q) = q**2 - 8*q + 10. Let l be z(7). Suppose l*d - 1 = o, o = 3*d - 4*o + 19. What are the prime factors of d?
2
Suppose 30*x = 26*x + 568. List the prime factors of x.
2, 71
Suppose 4*x - x = 3. Let m(b) = b**2 - 3*b + 3*b + x. What are the prime factors of m(3)?
2, 5
Suppose 3*d - 420 = -3*q, 9*d + 142 = 10*d - q. What are the prime factors of d?
3, 47
Let b(l) = -2*l**2 + 0*l**3 + 3*l + l**3 - 4*l**2 - 4. List the prime factors of b(6).
2, 7
Let q(a) = -a**3 - a**2 - a + 4. Suppose 5*l + 14 = 49. Let m = l - 7. What are the prime factors of q(m)?
2
Let j be (-3)/(-21) - 60/(-21). Suppose -h + 2*w - w = 0, j*w = -3. List the prime factors of 20/2 + h*2.
2
Let y(g) be the third derivative of -g**6/720 - g**5/60 - g**4/24 + g**2. Let o(d) be the second derivative of y(d). What are the prime factors of o(-4)?
2
Let n be -1 + -1*2/1. Let b = 3 + n. Let u = 14 + b. List the prime factors of u.
2, 7
Let x be 3/(-3) - 0/(-1). Let c(f) be the third derivative of -7*f**6/120 - f**3/6 - 2*f**2. List the prime factors of c(x).
2, 3
Suppose -c + 0*c - 64 = -5*h, h - 11 = 2*c. What are the prime factors of h?
13
Suppose -b + 13 = -4*i + 36, 0 = -3*b - 4*i - 37. Let r = -10 - b. List the prime factors of r.
5
Suppose -5*v + 4*i = -1043, -3*i - 1 = 2*v - 409. Suppose -v + 75 = -3*o. Suppose -2*z = -6*z + o. List the prime factors of z.
11
Let m be 1/(3*3/18). Let x = -2 + m. List the prime factors of (-3)/(3/(-8) - x).
2
Let p = 5 - 1. Let f(h) = 2*h**2 + 3*h. Let j be f(-2). Suppose -6 = -j*a - p*z, 4*a - z = 2*z + 12. What are the prime factors of a?
3
Suppose 3*j - 2*j = -12. What are the prime factors of (2 + -4)*j/8?
3
Let a(s) be the first derivative of -s**4/4 + s**3 + 5*s**2/2 + s + 3. What are the prime factors of a(4)?
5
Let c be 9 - (0 + 0 + -2). Suppose 3*s - 19 = c. Suppose 2*l - 3*l = -s. List the prime factors of l.
2, 5
Let d(u) = u**2 - 8*u + 10. Let z be d(8). What are the prime factors of (4/(-6))/(z/(-645))?
43
Let g = -3 + 7. Suppose g*t - 4 = 3*b + 66, -3*b + 58 = 4*t. What are the prime factors of t?
2
Suppose 0 = -3*i - 3. Let l be 0/(3*-1 - i). Suppose 5*z + l - 56 = t, -37 = -3*z + 4*t. List the prime factors of z.
11
Let v(p) be the third derivative of -p**6/240 - p**5/60 + p**4/12 + p**2. Let t(o) be the second derivative of v(o). What are the prime factors of t(-6)?
2
What are the prime factors of (-2470)/(-38)*(-46)/(-10)?
13, 23
Suppose -p + 3*p = 4*y + 22, 3*y = -2*p - 6. What are the prime factors of y/(-8) + (-62)/(-4)?
2
Let u = -11 - -4. Suppose 3*f + 12 = 0, f - 15 = -4*i + 57. Let r = i + u. List the prime factors of r.
2, 3
Let d be 3 + -1 + -4 - -50. Suppose -3*v = v - d. List the prime factors of v.
2, 3
Let c be -4*(-2 + (-6)/(-4)). Let i = -7 + c. List the prime factors of -1*(3 - 2) - i.
2
Let s = 17 - 40. Let m = -16 - s. List the prime factors of m.
7
Let f = -6 - -4. What are the prime factors of -3 - f - (-5 + -2)?
2, 3
Suppose -5*j = 2*z + 22, 4 = -j - 3*j - 5*z. Let h be 4461/27 - j/(-27). What are the prime factors of h/10*(-2)/(-3)?
11
Let p(b) = -b**3 - 7*b**2 + 6*b - 16. Let t be p(-8). Suppose -o + 14 + 6 = t. List the prime factors of o.
2, 5
Let f(j) = 6*j - 17*j - j**2 + 4*j + 8. What are the prime factors of f(-7)?
2
Suppose -71 = -3*v + 4*o, o - 3 = -2*o. Suppose -3*m = 2*s - 42, 3*m - 5*s - 38 = v. What are the prime factors of m?
2
Let z(y) = 15*y**3 - 2*y**2 + 1. Let r be z(1). Let c = r + -8. What are the prime factors of c?
2, 3
Let m(r) be the first derivative of -r**5/40 - r**4/6 + r**3/3 + 1. Let g(p) be the third derivative of m(p). List the prime factors of g(-3).
5
Suppose 3*k - 4*m = 345, 598 = 5*k - 4*m + 5*m. List the prime factors of k.
7, 17
Suppose -226 = -5*m - a, 4*m + m - 2*a - 223 = 0. Suppose -2*h - m = -3*h. List the prime factors of 3*(-6)/h*-15.
2, 3
Suppose -9 = -0*p + 3*p. Let o be -1 + ((-3)/p - 0). Suppose 2*x + 0*x - 8 = o. List the prime factors of x.
2
Suppose 34*t = 33*t + 238. What are the prime factors of t?
2, 7, 17
Suppose -o + 12 = -54. What are the prime factors of o?
2, 3, 11
Suppose m = -7 + 121. List the prime factors of m.
2, 3, 19
Let t = -27 + 14. Let n(w) = -w**2 - 13*w + 6. Let b be n(t). Let f = 1 + b. What are the prime factors of f?
7
Let z be (4 - -10)*(-6)/4. List the prime factors of (-1)/3*z/1.
7
Let w be 81/5 - (-1)/(-5). Let n = 29 - w. List the prime factors of n.
13
Let m(f) = 7*f**3 + 3*f**2 - 3*f. What are the prime factors of m(2)?
2, 31
Let j = 18 + 28. Suppose -f - f + j = 0. What are the prime factors of f?
23
Let r be -1*2*60/(-6). Suppose -s + r = s. List the prime factors of s.
2, 5
Suppose 5*f + 2*s - 2776 + 804 = 0, -1186 = -3*f - 4*s. What are the prime factors of f?
2, 197
List the prime factors of (-6)/12 + (-121)/(-2).
2, 3, 5
Let k(y) = -y - 1. Let i be k(-4). Suppose 4*w - 4 